t is the units digit of s?
4
Let z = 74 - 46. Suppose 0 = 5*r - r + 4*f - 40, 0 = -r + 5*f + z. What is the units digit of r?
3
Suppose b = -3*k + 1 - 5, 16 = 5*b + 3*k. Suppose b*u + 3 = -7. Let g = 0 - u. What is the units digit of g?
2
Suppose 0 = 2*z - 139 - 81. Let c = 154 - z. What is the tens digit of c?
4
Let v be (4/(-6))/((-4)/42). Let l be (-3)/(-9)*v*3. Suppose 0 = 2*s - s - l. What is the units digit of s?
7
Let i = -446 + 688. What is the tens digit of i?
4
Suppose 238 = 5*g - 122. Let h = g + -45. What is the units digit of h?
7
Suppose -3*l - 1 = -16. What is the units digit of l?
5
What is the tens digit of -89*((-12)/30 - 6/10)?
8
Let f be (0 - 1)*0 + 0. Suppose 3*k - 4 + 1 = f. What is the units digit of k?
1
Suppose 2*y = 2*b - 50, b - y = 2*y + 23. What is the tens digit of 2/(b/22 - 1)?
1
Let u be (-2 + 4)/((-2)/4). Let i be (-2)/u*(1 - 1). Suppose 2*n - 5*n + 36 = i. What is the tens digit of n?
1
Let n be 11 + (-9)/(-3)*-1. Let u(w) = w**2 - 8*w + 4. What is the units digit of u(n)?
4
Suppose k - 20 = -3*k. Suppose 2*m + 9 = 5*a, -2*a = -k*a + m + 6. What is the units digit of a + -1 - (-1 - 16)?
9
Let z(d) = -d + 2. Let m be z(-5). Suppose j + 2 = -2*h, 3*j - h - 1 - m = 0. Suppose -j*y + 5 = -3, -4*p = -3*y - 8. What is the units digit of p?
5
Suppose 3*k + 2*k = -4*k. Suppose 2*f + 10 = 4*n, 3*n - 8 = -2*f + 4*f. Suppose k*b = -n*b + 8. What is the units digit of b?
4
Let f be (-2)/4 + (-9)/(-6). What is the units digit of ((-1)/(-2))/f*18?
9
Let x = -55 + 81. What is the units digit of x?
6
Let k = -31 - -43. What is the units digit of (-2)/(-1)*222/k?
7
Suppose 3*a + 2*r - 27 = -2*a, -8 = 2*r. What is the units digit of a?
7
Let j(w) = w**3 - 9*w**2 - 4*w + 10. Let f be 1*-15*(-27)/45. Let g be j(f). Let h = -6 - g. What is the units digit of h?
0
Let p = -36 + 56. What is the tens digit of p?
2
Suppose -3*c + c + 76 = 0. What is the units digit of c?
8
Let c be 4/2 + (-32)/4. Let j(a) = a**3 + 6*a**2 - 7*a - 8. What is the units digit of j(c)?
4
What is the units digit of ((-21)/6 - -2)*-2*59?
7
Let o be (10 - 1) + -3 + 0. What is the units digit of (4/5)/(o/60)?
8
Suppose i = 8 + 10. What is the units digit of i?
8
Let p = 54 - 13. What is the tens digit of p?
4
Let g = 4 + -3. Let m = g - 7. What is the units digit of 40/12 + (-4)/m?
4
Let x be 60/(-9)*(-3 + 0). What is the units digit of (0 - -4)/(5/x)?
6
Let y(u) = 12*u. Let z be y(1). Suppose 3 - z = -3*i. Suppose 2*l + i*l - 30 = 0. What is the units digit of l?
6
Suppose 2*s = -3*f + 4*s - 3, 3*f - 5*s - 6 = 0. Let w be ((-3)/(f/(-1)))/1. What is the units digit of -1 + w*(-4)/2?
1
What is the units digit of (-8 - -27)/(1 - 0)?
9
What is the units digit of 53 - (0 - -4 - 4)?
3
Suppose -2*r = -5*a + 6, 2*r = -2*r - 12. Suppose -5*w + 12 = 2*y, -2*w + 4*w + 8 = a. What is the tens digit of y?
1
What is the tens digit of (4 - 2 - 3)/(-1) + 84?
8
Let v(o) = -o**2 - 1. Let x(l) = l**3 + 3*l**2 + l - l**2 - 3*l**2. Let q(h) = v(h) - x(h). What is the units digit of q(-2)?
9
Let c = 2 + -3. What is the units digit of -1*(1 + 2)*c?
3
Let i = -135 + 201. What is the tens digit of i?
6
Let f = -10 - -12. What is the units digit of 1*(2 - -1 - f)?
1
Let v(h) = h**3 - 7*h**2. Let l be v(7). Suppose 3*s + l = -3. Let z = s - -4. What is the units digit of z?
3
Suppose -3*u = -2*m - 18, 0 = 5*u - 2*m - 39 + 5. What is the units digit of u?
8
Suppose -4*a + 2*a + 3*i + 8 = 0, 2 = 4*a + i. What is the units digit of a?
1
Let q(y) = -5*y**3 - 20*y**2 - 15*y - 10. Let n = 0 + -2. Let s(c) = c**3 + 4*c**2 + 3*c + 2. Let z(w) = n*q(w) - 11*s(w). What is the tens digit of z(-4)?
1
Let o = 1 - -3. Suppose x = o + 5. What is the units digit of x?
9
Let j(l) = 22*l - 2. Suppose -3*s = -8*s - 3*b + 1, -3*s - b + 3 = 0. Let z be j(s). What is the units digit of 2/(-7) - (-348)/z?
8
Let t(o) = -o**3 + 8*o**2 - 5*o - 6. Let i be t(7). Suppose -m + i = 3*m. What is the units digit of m?
2
Suppose -2*g + 3*g - 230 = 0. What is the units digit of g?
0
Suppose 1886 = 11*n + 38. What is the tens digit of n?
6
Suppose 0 = 3*y - 9 - 6. Suppose -v + 5*v = -5*q + 15, -4*q + 4*v = -48. Suppose q = y*n - 3. What is the units digit of n?
2
Let c be (-2)/(-14) - (-13)/7. What is the tens digit of c*45/6 - -2?
1
Let v = 38 - -15. What is the tens digit of v?
5
Let i be (-196)/(-12) + 4/6. Suppose 2*f - 4 = 0, -147 = -4*m - 2*f + i. Suppose 0 = 4*l + l - m. What is the units digit of l?
8
Suppose 2*k + 0*m = 3*m + 21, -3*k - 2*m = -12. Suppose -5*w - 1 + k = 0. What is the units digit of w?
1
Let n = 68 - 100. What is the tens digit of (-1160)/n + 1/(-4)?
3
Let z be (-6)/2*8/12. Let d be (1/z)/(5/(-50)). Suppose 3 = 4*h - d*n, -n + 2 = 3*h - 24. What is the units digit of h?
7
Let g(v) = -v**3 + 2*v**2 + 2. Suppose j = -j + 2*x + 12, 3*j + 2*x = 18. Suppose w - 10 = -5*r - 4*w, 0 = 3*r - 5*w - j. What is the units digit of g(r)?
2
Let t be 6/4 + 205/10. Let g = t + -9. What is the tens digit of g?
1
Suppose -30 = -0*g - 2*g. Let w be 1/(6/(-16))*-3. Suppose -g = -w*u + 3*u. What is the units digit of u?
3
Let z(j) = -j**3 - 5*j**2 - 2*j - 7. Let n = 0 + 2. Suppose -s + n = 7. What is the units digit of z(s)?
3
Let q = -295 - -441. Suppose -5*j + 34 = -q. What is the units digit of j?
6
Suppose -5*s = -68 - 12. What is the units digit of s?
6
What is the units digit of (-2817)/(-81) + 4/18?
5
Let y(x) be the third derivative of -x**4/24 - 5*x**3/6 - 3*x**2. What is the units digit of y(-6)?
1
Let b(a) = 6*a**2 + 4*a - 9. What is the units digit of b(6)?
1
Let f(m) = -28*m - 4. What is the tens digit of f(-2)?
5
Let l be 41 - (-2)/(-6)*3. Suppose 4*u - l = -u. What is the units digit of u?
8
Let m be (-125)/(-30) + 2/(-12). Suppose i - 10 = -m. What is the units digit of i?
6
Suppose 5*h - 66 - 324 = -3*f, -3*f - 285 = -4*h. What is the tens digit of h?
7
Let g(s) = -22*s - 1. Let u = -7 - -5. Let a be g(u). Let d = a + -21. What is the units digit of d?
2
Let o = -2 - -5. Suppose l = -o*l. What is the units digit of 56/7 - (0 - l)?
8
Let d(g) = g**3 + 7*g**2 - 2*g - 8. Suppose -6*c + 2*c = -2*t + 30, 16 = -3*c - 5*t. Let n be d(c). Suppose -4*u - 2 = -n. What is the units digit of u?
1
Let p be 4/18 + 264/27. Suppose 0 = k - 3*k + p. What is the units digit of k?
5
What is the tens digit of -5 - (-121 - 20/5)?
2
Suppose 0 = -b + 6*b - 40. What is the tens digit of 374/14 - b/(-28)?
2
Suppose 5*g = -w + 4*w - 43, 2*w = g + 17. Let m = 0 + w. Suppose -a = -z - 1, -z - 1 + m = 2*a. What is the units digit of a?
2
Let c(z) = 2*z + 0 - 3*z + 1 + 6*z**2 + z**3 + 1. Let v be c(-6). Suppose -18 = -2*j + v. What is the units digit of j?
3
What is the tens digit of 56 + -2 - (-3 - 1)?
5
Let d(k) = -6*k + 0*k**3 + 8*k**2 - k**3 + 1 - 4. Let f be d(7). Suppose -1 = -f*o + 3. What is the units digit of o?
1
Suppose 830 = 5*r - 5*a, 11*a + 5 = 10*a. What is the tens digit of r?
6
Let x be (-4)/(-12)*18/2. Suppose 2*h - 21 = i, h + x*i - 21 = -0*i. What is the tens digit of h?
1
Suppose 0 = 3*c + 161 - 1199. What is the hundreds digit of c?
3
What is the tens digit of 118/(-3 + 5) + 2 + -4?
5
Let b be 0/(1 + -2*1). Let j be 6/12*(3 - -1). Suppose -z + 8 + j = b. What is the units digit of z?
0
Suppose -88 = -2*c + 168. What is the tens digit of c?
2
Suppose -851 - 2809 = -15*l. What is the hundreds digit of l?
2
Let i(a) = -a + 8. Let w(v) = v - 7. Let u(m) = -5*i(m) - 6*w(m). Let l be (-2)/((-1)/((-5)/2)). What is the units digit of u(l)?
7
Let y(k) = k + 11. Suppose 24 = 4*g - 16. Suppose x = -x - g. What is the units digit of y(x)?
6
Let m(q) = -q**3 - 5 + 5*q**2 - 2*q + 3*q**3 - q**3. Let l be m(-5). Let i = l - -3. What is the units digit of i?
8
Let p = -7 + 6. Let a = p - 5. What is the units digit of (108/42)/(a/(-28))?
2
Suppose 5 = 2*n - 3*k - 4, 12 = -2*n - 4*k. Suppose -d = d - 5*x - 140, n = -4*d - 4*x + 224. Suppose 6*h = h + d. What is the units digit of h?
2
What is the units digit of (36 + -8)*(-87)/(-6)?
6
Let s(l) = -l**2 + l + 7*l**2 - 2*l**2 + 1. Let a(n) = -n**2 + 4*n - 1. Let w be a(4). What is the units digit of s(w)?
4
Let n be (-1)/2 - (-7)/(-2). Let v = n + 6. What is the units digit of v?
2
Let r = -93 - -185. What is the tens digit of r?
9
Suppose -2*j - r = -7*j + 531, -2*j + 5*r 